se 10, what is -847409 + -100?
-847509
In base 4, what is -10 - -1100033322333?
1100033322323
In base 14, what is 855a - 60a1?
2499
In base 8, what is -65 + 4065775?
4065710
In base 4, what is 212010121 + 0?
212010121
In base 7, what is -100132 + 2440?
-64362
In base 10, what is -15753 + -21166?
-36919
In base 13, what is 2 + 4902767?
4902769
In base 2, what is -10100011001100001001100100001 - 1?
-10100011001100001001100100010
In base 16, what is 1f7f42 + -2d?
1f7f15
In base 9, what is -5870473 - -5?
-5870467
In base 11, what is 1175 - 4141?
-2a77
In base 2, what is -1 + 110101110110010001101?
110101110110010001100
In base 16, what is -1 - -438ad1?
438ad0
In base 16, what is 4 - 4c62b?
-4c627
In base 13, what is 1c2a6677a - -3?
1c2a66780
In base 15, what is -bd40 + 1c8?
-bb67
In base 4, what is 120 - -230222120?
230222300
In base 2, what is 101111101 - -10111011010001000?
10111100000000101
In base 10, what is -84 - 2581302?
-2581386
In base 9, what is 637565 - 6?
637558
In base 15, what is 9 - 52ac03b?
-52ac032
In base 11, what is 687299 + -50?
687249
In base 3, what is -220020201001 - -20?
-220020200211
In base 7, what is 30436 + 4403?
35142
In base 4, what is -130111210 - 2131?
-130120001
In base 16, what is 17f35 - -a?
17f3f
In base 5, what is -4042122 + -1232?
-4043404
In base 16, what is 1253c47 - 4?
1253c43
In base 7, what is -4 + 10040633?
10040626
In base 15, what is 1d6ebe36 - 4?
1d6ebe32
In base 16, what is -18a3e31 - 2?
-18a3e33
In base 10, what is 807 - 37294?
-36487
In base 3, what is 102021012222 + -11120?
102021001102
In base 14, what is -2 - -285b5d5?
285b5d3
In base 14, what is 6 - 4085d5?
-4085cd
In base 15, what is -17322 - e60?
-18282
In base 16, what is -33f + 15181?
14e42
In base 5, what is -221112 - -12033?
-204024
In base 5, what is 3 - -2330030233?
2330030241
In base 5, what is -143230412 + 4400?
-143221012
In base 14, what is 3 + 1c5acb?
1c5ad0
In base 3, what is -202210 - 2000001100?
-2000211010
In base 8, what is -4 + 1714770750?
1714770744
In base 10, what is -155 + -34576?
-34731
In base 5, what is -1 - 412100213043?
-412100213044
In base 12, what is -282 + 1b3b0?
1b12a
In base 3, what is -121 + -100001202010?
-100001202201
In base 14, what is -b - 1c218a8?
-1c218b5
In base 6, what is 51140 - -12304?
103444
In base 15, what is -814 - 1bc10?
-1c524
In base 15, what is b05d2da - -3?
b05d2dd
In base 6, what is 4112 - 303245?
-255133
In base 11, what is -39047956 - -5?
-39047951
In base 15, what is -14 + -341bc?
-341d1
In base 16, what is -a6deba + 4?
-a6deb6
In base 4, what is -111 + -333231220?
-333231331
In base 4, what is 21203002310 - 10?
21203002300
In base 13, what is 18250b - -87?
182595
In base 14, what is -1993d58 + 3?
-1993d55
In base 10, what is -447353 - -1047?
-446306
In base 14, what is 3acdac + 8?
3acdb6
In base 7, what is -560151 - -2260?
-554561
In base 15, what is 1d95 - 509?
188b
In base 3, what is 101101 + -121011002?
-120202201
In base 5, what is 1403 - -34223340?
34230243
In base 15, what is -3 + 189b46?
189b43
In base 2, what is 101010101100111100011000 + 1?
101010101100111100011001
In base 14, what is -6 - -5a5127?
5a5121
In base 3, what is 1111121221120 - -11?
1111121221201
In base 11, what is -984553 - 0?
-984553
In base 7, what is 3 - -25541603?
25541606
In base 14, what is 6172a + -67?
616a3
In base 14, what is 2 + -1390082?
-1390080
In base 14, what is 1922051 - -7?
1922058
In base 13, what is 1182671 + -6?
1182668
In base 7, what is 1 + 3345162504?
3345162505
In base 3, what is 200122002 - 112?
200121120
In base 3, what is 1212120212220 + 102?
1212120220022
In base 10, what is 77324352 + 5?
77324357
In base 14, what is a6 + 72a22a?
72a2d2
In base 13, what is 336 + 3045b?
30794
In base 7, what is 6110160 + -201?
6106656
In base 10, what is -679924054 + -4?
-679924058
In base 4, what is 110112201 + 320?
110113121
In base 14, what is -c2 + 32204?
32122
In base 5, what is 123422 + -3102403?
-2423431
In base 8, what is 153 - 1460312?
-1460137
In base 13, what is 1b + 2c15385?
2c153a3
In base 4, what is 21113 - 1301231?
-1220112
In base 10, what is -55 - 102214?
-102269
In base 8, what is -70375366 + 2?
-70375364
In base 13, what is 429 - 20b1?
-1985
In base 9, what is 6 + -26786812?
-26786805
In base 9, what is -2 - 6457722?
-6457724
In base 8, what is 2170360 + 45?
2170425
In base 16, what is -11e51801 - 0?
-11e51801
In base 4, what is -120022300132 - 12?
-120022300210
In base 16, what is -dbc + 102b?
26f
In base 14, what is -33c93 + ad?
-33bc4
In base 11, what is 293441 + -85?
293367
In base 12, what is -96 - -4b843?
4b769
In base 9, what is 118021156 - -2?
118021158
In base 16, what is -2b1dff + -5?
-2b1e04
In base 11, what is -12688 + 49a6?
-8792
In base 9, what is 3701687 + 54?
3701752
In base 8, what is 5 + 13726441?
13726446
In base 4, what is -102003331 - -11?
-102003320
In base 2, what is 10010001100101101010 + 1011?
10010001100101110101
In base 12, what is 52207 + -b11?
512b6
In base 8, what is -23654 + 2054?
-21600
In base 16, what is -1 - -3cb1696?
3cb1695
In base 9, what is -33666456 - 2?
-33666458
In base 14, what is 25 + 35a30?
35a55
In base 14, what is -4762463b - -3?
-47624638
In base 6, what is -3534033 - -442?
-3533151
In base 11, what is 173 + -6a837?
-6a674
In base 16, what is -9f5 - -484?
-571
In base 5, what is -413430 - -211034?
-202341
In base 14, what is -66cb3 - -188?
-66b29
In base 8, what is -6745 - -5624?
-1121
In base 6, what is -113524233 + 20?
-113524213
In base 6, what is -1025145304 + 2?
-1025145302
In base 12, what is -29 + 9981?
9954
In base 12, what is 8 - 1040113?
-1040107
In base 14, what is -3 + -951acd?
-951ad2
In base 3, what is 1021200101 + -2200211?
1011222120
In base 12, what is -8 - -80a501?
80a4b5
In base 5, what is 4 + -103204330?
-103204321
In base 3, what is -2010020200 + -12121?
-2010110021
In base 15, what is -1057 + -615?
-166c
In base 8, what is 453272332 + 5?
453272337
In base 12, what is -44385498 + 2?
-44385496
In base 12, what is 1b592 + -588?
1b006
In base 14, what is 2210a8 - -2a0?
221368
In base 10, what is 73 + 22654?
22727
In base 6, what is -201 + -4143530?
-4144131
In base 5, what is 2 + -12040221120?
-12040221113
In base 14, what is 16c - -12c39?
12da7
In base 14, what is -17 - -6c6007b?
6c60064
In base 3, what is 10002020 - 101100200122?
-101020121102
In base 2, what is 1 + -1101001100000110010110?
-1101001100000110010101
In base 12, what is 826 - -a97?
1701
In base 4, what is -1211232131 - -201?
-1211231330
In base 12, what is -131a2 + 17?
-13187
In base 8, what is 37 + -10732364?
-10732325
In base 9, what is 18 - -1235057?
1235076
In base 3, what is -2011022200 - 1112?
-2011101012
In base 6, what is -150353 - 10004?
-200401
In base 14, what is -174 + 333082?
332d0c
In base 4, what is -11 - 1203330002?
-1203330013
In base 13, what is 5872b + -9?
58722
In base 15, what is 5ea75 - 356?
5e71e
In base 7, what is -224 + 3335046?
3334522
In base 13, what is -949b - 51a?
-99b8
In base 9, what is -25 - 765804?
-765830
In base 16, what is -bb - -34a19?
3495e
In base 3, what is 12 + -1100002120121202?
-1100002120121120
In base 15, what is -5d35c + -141?
-5d49d
In base 7, what is -342 - -3155406?
3155034
In base 7, what is -65533166 + 5?
-65533161
In base 3, what is -11011012120011 - -1201?
-11011012111110
In base 4, what is -31032 + 2023331011?
2023233313
In base 14, what is -bc566 + 92?
-bc4b4
In base 13, what is -302 - 99830?
-99b32
In base 2, what is 100110011110001 + -10010001010?
100100001100111
In base 4, what is -1120203121 - -20?
-1120203101
In base 14, what is 198145 + 26?
19816b
In base 2, what is -10011100101111 + -1001111001101?
-11101011111100
In base 9, what is 0 + 221050484?
221050484
In base 6, what is 2145230 + 310?
2145540
In base 2, what is 1110000010110011100101010 + 0?
1110000010110011100101010
In base 15, what is -177ce + -43?
-17822
In base 16, what is b3d29 + 19?
b3d42
In base 3, what is -10 - 22101022211202?
-22101022211212
In base 8, what is -57 + 1120307?
1120230
In base 8, what is 106007 + 1620?
107627
In base 12, what is -4 - -1b6270b?
1b62707
In base 5, what is -2432110103 - 23?
-2432110131
In base 14, what is 546b + -6d?
53dc
In base 14, what is 17b845976 + 3?
17b845979
In base 13, what is -637175 -